- 34, -2*d = -v*c + 27 + 13. Let y(j) = -j**3 - 16*j**2 - 30*j + 34. What are the prime factors of y(d)?
7, 37
Suppose 0 = s + 2*h - 33376, -5*s + 174949 = 4*h + 8081. List the prime factors of s.
2, 3, 103
Let h = 202 - 83. Let n = h - 115. List the prime factors of 2368/28 + n/(-7).
2, 3, 7
Suppose -44*z = h - 46*z - 34953, 5*h - 2*z - 174821 = 0. List the prime factors of h.
73, 479
What are the prime factors of (4 - (48/4)/3) + 26240 + 30?
2, 5, 37, 71
Suppose -72*a + 630591 = -2930241. List the prime factors of a.
2, 11, 281
Suppose 7877344 = 291*p - 3106560 - 1510763. List the prime factors of p.
42937
Let h = -1244 - -2854. Let o = -765 + h. List the prime factors of o.
5, 13
Let d = -572 - -572. Suppose d = 26*x - 33*x + 9695. List the prime factors of x.
5, 277
Let k be (-117)/26*2/3 - 489. What are the prime factors of ((-42)/28)/(2/k)?
3, 41
Let j(h) = h**2 - 9*h + 131. Suppose 36*k - 30*k - 174 = 0. What are the prime factors of j(k)?
3, 79
Let j(h) = 2*h**3 - 130*h**2 + 190*h + 142. List the prime factors of j(65).
2, 3, 347
What are the prime factors of 45*15/(-45) - -9062?
83, 109
Let k = 1554 - -1043. What are the prime factors of k?
7, 53
Let t(f) = f**3 - 6*f**2 - 52*f + 195. What are the prime factors of t(17)?
2, 3, 5, 83
Let x(y) = 14*y + 60. Let s be x(-17). Let d = -10 - s. What are the prime factors of d?
2, 3, 7
Suppose 0 = 6*n - 36 + 30. Let a(p) = 264*p**3 + p**2 - 2*p + 2. List the prime factors of a(n).
5, 53
List the prime factors of 10/225 + (-3 - 11072664/(-810)).
79, 173
Suppose 0 = 2*y - 4*x - 93282, -12*x + 7*x = 5*y - 233325. What are the prime factors of y?
13, 37, 97
Let v be ((-85)/(-15))/(1/3). Let c = v + 85. Suppose 0 = 3*r - 4*r + c. List the prime factors of r.
2, 3, 17
Let p = 37 + -29. Suppose 7*k - p*k - 68 = 0. Let u = k - -103. What are the prime factors of u?
5, 7
Let z(d) = 3*d - 45. Let j be z(16). Suppose -2*v + r = -j*v + 342, 3*r = 2*v - 689. What are the prime factors of v?
7
Let x(g) = g**3 + 95*g**2 - 203*g - 425. List the prime factors of x(-90).
5, 7, 1667
Suppose -51*t - 30*t + 358619 = -1838587. What are the prime factors of t?
2, 3, 11, 137
Let u = 200 + -128. Let t = u + -67. Let m = 228 - t. List the prime factors of m.
223
Let z(n) = 66*n**2 + n - 1. Suppose 2*r = v - 0*v + 10, 0 = 3*r + 3*v + 3. What are the prime factors of z(r)?
2, 149
Suppose 3 = -a, 2*l - 15*a + 17*a - 13646 = 0. List the prime factors of l.
2, 3413
Let c(o) = 1113*o**2 - 25*o + 129. What are the prime factors of c(4)?
17837
Suppose -2*z - 26268 = -6*z + p, -26276 = -4*z + 3*p. What are the prime factors of z?
2, 7, 67
Suppose -102*q + 2660594 - 611778 = -14*q. List the prime factors of q.
2, 7, 1663
Suppose -303 = -6*w - 105. Let u(z) = z**3 - 33*z**2 + 11*z - 54. List the prime factors of u(w).
3, 103
Let y = -295 + 283. Let f(m) = 7*m**2 + 26*m + 15. What are the prime factors of f(y)?
3, 79
Let v be (-3 - -4)*24/(-3). Let u = -233 + 479. List the prime factors of (u/(-8))/(-5 - 37/v).
2, 41
Let a(b) = b**3 + 2*b**2 - 24*b. Let h be a(4). Suppose h = 463*x - 462*x - 336. List the prime factors of x.
2, 3, 7
Suppose -2*d = -3*d + 2*g - 11, 3*d + 29 = 2*g. What are the prime factors of d/(((-24)/(-33))/(-8))?
3, 11
Suppose -25015*b - 19845 = -25018*b. List the prime factors of b.
3, 5, 7
Suppose h + 3*u - 6 = 0, -23*h - u + 2 = -19*h. Suppose 4*m + 526 = q, -q + 0*q + m + 511 = h. List the prime factors of q.
2, 11, 23
Suppose 43*m - 138*m = -448495. List the prime factors of m.
4721
Let x = 99874 - 51368. List the prime factors of x.
2, 79, 307
Let j = -89 - -198. Suppose -2*t + j = -35. Suppose 23*f - 19*f = t. What are the prime factors of f?
2, 3
Let p be (3/5)/(-1) - 237006/90. List the prime factors of (2/(-6))/(2/p).
439
Let c = -27 - -29. Let q(d) = -6 - 5 - 1 - c - 29*d. What are the prime factors of q(-5)?
131
Let a(r) be the third derivative of -11*r**4/6 + 20*r**3/3 - r**2 - 59*r. List the prime factors of a(-21).
2, 241
Suppose -7*k - 282 = 271. What are the prime factors of (k/(-3))/(1 - (-25)/(-30))?
2, 79
Let f(x) = -424*x - 48. Let v be f(4). Let a = v - -2488. List the prime factors of a.
2, 3, 31
Let m be 4991/(-138) + (1 - 0)/6. What are the prime factors of ((-141)/2)/(27/m)?
2, 47
Let a = -21 - -24. Suppose a*q + 7*q - 10 = 0. What are the prime factors of q/2 + (-580)/(-8)?
73
Let t(d) be the third derivative of d**5/20 - 5*d**4/8 - 5*d**3/2 + 11*d**2 + 3. List the prime factors of t(8).
3, 19
Let w(o) = 4*o - 28. Suppose 5*z = -3*a + 59 + 2, -5 = 5*z. List the prime factors of w(a).
2, 3, 5
Let c be 1/((64/(-56))/(-8)). Let w be (4/5)/(10/25). Suppose 2*p = -4*y + c*p + 835, -w*p - 628 = -3*y. List the prime factors of y.
2, 3, 5, 7
Let r = 310 + -67. Suppose r + 61 = 4*h. List the prime factors of h.
2, 19
Let h = 104630 - 69234. List the prime factors of h.
2, 8849
Let h = -9390 - -24195. Suppose 37*u - h = 22*u. What are the prime factors of u?
3, 7, 47
Let k(q) = -165*q**3 + 27*q**2 + 51*q - 16. What are the prime factors of k(-2)?
2, 5, 131
Suppose 2*d = 3*v - 19, 4*v + 6*d - 2*d = 12. Suppose -7*t + 9*t + v*l = 215, 0 = t + l - 109. What are the prime factors of t?
2, 5, 11
Let y = -4782 + 16971. List the prime factors of y.
3, 17, 239
Let m = 220 - 119. Let b = m + 30. What are the prime factors of b?
131
Let u = -86 - 15. Let y = -102 - u. What are the prime factors of (y/(-2))/((-22)/(-616))?
2, 7
Let m = -12841 + 24228. What are the prime factors of m?
59, 193
Let n(q) = q**3 - 3*q**2 - 8*q + 2. Let g be n(5). List the prime factors of 1*(0 - -19*g).
2, 3, 19
Let l be -2 + (4 - 1)/(-3). What are the prime factors of (2376/(-55))/(l/15)?
2, 3
Suppose 0 = -79*d + 44*d + 147770. What are the prime factors of d?
2, 2111
Let x be 6/((10/(-4920))/(-1)). Suppose 3*k + 4*h = 3*h + 4433, -2*k - 4*h + x = 0. What are the prime factors of k?
2, 739
Let m(v) = 2*v + 29. Let c(g) = 9*g**2 + 7*g - 4. Let w(s) = 26*s**2 + 20*s - 12. Let d(o) = -14*c(o) + 5*w(o). Let j be d(2). List the prime factors of m(j).
61
Let b be 0/(3/(1 - -2)). Suppose b = 5*s - 8*s + 513. List the prime factors of s.
3, 19
Let s be (54*(-7)/14)/(3/26). Let k = 279 + s. List the prime factors of k.
3, 5
Let a = 55997 - 32653. What are the prime factors of a?
2, 1459
Let c(u) = -2*u**2 + 165. Let h be c(0). Suppose -9*s = -7*s. Suppose s = -g - 62 + h. List the prime factors of g.
103
Let r(y) = 751*y - 99. List the prime factors of r(14).
5, 2083
Suppose 44 = 26*y - 15*y. Let h(z) = 5*z**3 - 4*z**2 - 3*z - 5. List the prime factors of h(y).
239
Let m(t) = t**3 + 9*t**2 - 3*t + 38. Let z be m(-10). Let h(v) = v**2 + 29*v - 82. List the prime factors of h(z).
2, 7
Let p be (-4)/(((-1)/41)/1). Let v = p - 60. Suppose 0 = 7*h - 5*h - v. List the prime factors of h.
2, 13
Suppose 4*y = -d + 597, d + 114 = y - 39. Suppose -4*u - u - 490 = 0. Let k = y + u. What are the prime factors of k?
2, 13
Suppose 100 - 4 = 4*v. Let n = 28 - v. Suppose 2*a = -2*a + n*t + 24, t = 5*a - 38. List the prime factors of a.
2
Let j(u) = 1489*u**2 + 23*u + 52. What are the prime factors of j(-5)?
2, 17, 1093
Suppose 4*r + 3*p = 1313, 5*p = 2*r + 22 - 711. Suppose 19*q + r = 20*q. What are the prime factors of q?
2, 83
Suppose -33*t = -28*t - 10. Suppose -8 + 1310 = t*o. List the prime factors of o.
3, 7, 31
Let y(w) = 26*w - 12. Let x(l) = l**3 - 24*l**2 + 23*l - 8. Let d be x(23). Let t be y(d). Let u = 368 + t. List the prime factors of u.
2, 37
Suppose -3255288 = -240*i - 2039773 + 6998965. What are the prime factors of i?
3, 3803
Let v(y) = -y**3 - 7*y**2 - 2. Let h be v(-7). Suppose -i + 5*i = -r - 34, 4*r = 5*i - 178. Let q = h - r. What are the prime factors of q?
2, 5
Suppose 5*c - 5*o = 10, 4*o - o = 2*c. Suppose 5*x + c - 31 = -2*k, x - 5 = -3*k. Suppose 3*h = x*q - 0*h - 151, 2*q - 2*h = 58. List the prime factors of q.
2
Suppose -1118*g + 1158*g - 1034960 = 0. What are the prime factors of g?
2, 17, 761
Suppose 249*c = 2914234 + 4893410. What are the prime factors of c?
2, 3, 13, 67
Let b(u) = 1037*u + 396. List the prime factors of b(18).
2, 3, 353
Suppose -2144 = -n - 476. What are the prime factors of n + (-2 - (-56)/(-8))?
3, 7, 79
Suppose 3*k = -3*b + 36, -105 = -18*k + 13*k + 4*b. Let o(v) = 27 + k*v + 51*v + 0*v. L